*3 - 7*d**2 + d - 3. Let f be m(7). Let s(c) = c - 2. Let q be s(f). Calculate y(q).
-9
Let s(o) = -5*o + 2. Let f(c) = 2*c - 1. Let b(w) = 6*f(w) + 2*s(w). Determine b(4).
6
Let x(c) = -c**2 - 12*c - 25. Let a be x(-7). Let p(q) = q**3 - 9*q**2 - 10*q - 7. Let s be p(a). Let j(v) = -v + 6. What is j(s)?
13
Suppose -5*z - 41 = 3*n - 98, 2*n = 3*z - 38. Let b(i) = 3*i - 35. What is b(z)?
1
Let b be (-1)/(-4 + 33/9). Let c(v) = -1 - 9 - 1 + 3 - b*v. Determine c(-6).
10
Let r be 5 - 17/((-102)/(-48)). Let k(n) = -2*n**2 - 5*n - 2. Calculate k(r).
-5
Let m(c) be the first derivative of -8 + 1/3*c**3 - 3*c**2 + 3*c. Give m(4).
-5
Let u(t) = 2*t. Let r(b) = -b**2 + 6*b - 2. Let x be r(4). Let i be 2 - (-9)/x*-2. Let z be (-8)/(-10)*5*i. What is u(z)?
-8
Let z(q) be the first derivative of -6 + 0*q**2 + 1/3*q**3 - 3*q. Calculate z(-4).
13
Let m(n) = 16 - 35 + n + 10 + 18. Determine m(-7).
2
Let k(n) be the first derivative of n**3/3 - 2*n**2 + n + 61. Give k(3).
-2
Let o(j) = j**3 + 7*j**2 + j + 7. Let x = 25 + -26. Let l(w) = 16*w + 9. Let b be l(x). What is o(b)?
0
Let k(p) = -5*p**3 + 3*p**2 - 12*p - 4. Let g(x) = 4*x**3 - 2*x**2 + 11*x + 3. Let z(f) = -6*g(f) - 5*k(f). What is z(4)?
-6
Let p(d) = d**3 - 5*d**2 + 6*d - 4. Let y be p(4). Let s(n) = -67 + y*n + 67 - n**2. Calculate s(5).
-5
Let r = -108 - -40. Let q = r + 67. Let t(l) = -8*l**2 - 2*l - 1. Determine t(q).
-7
Let x(r) = r**2 - 17*r + 2. Let f(a) = a - 1. Let l(o) = -4*f(o) - x(o). Calculate l(14).
-12
Let f = 57 - 54. Let i(o) = 2*o - f - o + 4. Calculate i(5).
6
Let y(z) = -9*z - 6*z - 4*z + 18*z - 6 - 13. What is y(-12)?
-7
Let s(q) = -7*q + 20. Let j(c) = -2*c + 5. Let g(r) = -9*j(r) + 2*s(r). Let y(p) = -23*p + 29. Let m(l) = -34*g(l) - 6*y(l). Calculate m(5).
6
Let a(v) = v**3 + v**2 + 2. Let r be a(0). Suppose r*p + 3*b - 7*b + 12 = 0, 5*b - 15 = -2*p. Let j(u) = p*u - 1 - 5 + 2*u + 1. Determine j(5).
5
Let p(b) = 6*b + 6. Let s(v) = 2*v**3 + 12*v**2 + 11*v. Let j be s(-5). Calculate p(j).
-24
Let s(f) = f**3 + 5*f**2 + 2*f - 3. Let o = 2 + 36. Let c = 35 - o. Give s(c).
9
Let c(r) = -r**2 - 5*r + 23. Let t be (-5 - 0) + 1*(2 + -5). What is c(t)?
-1
Let t be ((-16)/12)/(2 + 4/(-3)). Let o be (3 - 1) + t + (6 - 3). Let k(r) = -r**2 - 1. What is k(o)?
-10
Let s be (4 + 1 + 3)*5/10. Let x(p) = 5*p - 2. Determine x(s).
18
Let x(c) = c**2 - 2. Suppose -h = -4*y - 16, -2*y - 27 - 3 = 5*h. Let d be (4/y)/((-6)/(-15)). Give x(d).
2
Let r(o) = -5*o**2 + o - 5. Let b(w) = w**2. Let t(l) = -4*b(l) - r(l). Let s(g) = 10*g + 1. Let n be s(1). Suppose -n*j = -7*j. Calculate t(j).
5
Let d(j) = -j**3 - 6*j**2 - 6*j + 2. Let a = 1922 - 1925. Calculate d(a).
-7
Let p(h) be the third derivative of 0 + 0*h**3 - 1/6*h**4 + 3*h**2 + 0*h - 1/60*h**5. Let w = -30 + 27. Give p(w).
3
Let y(r) be the second derivative of 19*r + 0 + 1/3*r**3 - 1/12*r**4 - 1/2*r**2. Determine y(3).
-4
Let p(d) = -d + 3. Let q be -1 + 16 + 3 - 2. Suppose 0 = 3*c + c - q. Suppose -c*f + 31 = -2*b - b, 0 = 2*b - 3*f + 22. What is p(b)?
8
Let q(c) = 2*c**2 + c + 2. Let w be 6 - (75/18 + 7/(-42)). Determine q(w).
12
Let n(i) = -i**2 - 14*i - 8. Let v be 10/(-5)*2 - (2 + 4). Give n(v).
32
Let t(g) = -2*g**3 - 8*g**2 + 17*g - 6. Let n(v) = -4*v**3 - 16*v**2 + 31*v - 14. Let w(k) = 2*n(k) - 5*t(k). Calculate w(-6).
-4
Let o(t) = -t**2 + 10*t + 11. Let d be o(10). Let x = -39 - -25. Let q = d + x. Let k(j) = -2*j**2 - 3*j + 4. Determine k(q).
-5
Let m(y) be the first derivative of y**7/840 - y**6/360 - y**5/60 + y**4/24 + y**3/3 - 14. Let p(d) be the third derivative of m(d). Give p(-2).
-7
Let d(u) = -2*u + 3. Let i(b) = -5*b - 9. Let x(a) = -d(a) - i(a). Determine x(-8).
-50
Let d = -181 - -190. Let w(x) = x**2 - 8*x - 10. Determine w(d).
-1
Let b(f) be the third derivative of f**4/12 + 7*f**3/3 + 30*f**2 - 4*f. What is b(-5)?
4
Let x = -21 - -28. Let j(v) = v**3 - 6*v**2 - 6*v + 3. Let q be j(7). Let p(w) = 7*w**2 - 1 - 2*w**3 + q + w**3. What is p(x)?
9
Let l(n) = 9*n - 37. Let z(p) = 4*p - 19. Let s(q) = 4*l(q) - 10*z(q). Calculate s(9).
6
Let x(f) = -f**2 - 32*f + 10. Let z(g) = -g**2 - 28*g + 10. Let v(j) = -3*x(j) + 4*z(j). What is v(-17)?
-7
Let t(n) = 66 - 32 - 36 + n**3 + 6*n - 7*n**2. Let a be 2/(-5) + 2/5. Suppose a*o = -o, 0 = 3*k + 5*o - 18. Determine t(k).
-2
Let c(p) = -22843 + 3*p**2 + 6*p + 22848 - 2*p**2. Let d = 27 + -38. Let z = 5 + d. Calculate c(z).
5
Let m be -10*3/(3*-2). Suppose 5 = 4*y - 5*x, -5*x - 5 = m*y - 0*x. Let a(f) = -f + 4. Give a(y).
4
Let y(d) = -2*d + 4*d - 3*d + 2 + 1. Let p be y(4). Let l(m) = 59*m**2 + m**3 + m + 52*m**2 - 109*m**2. Determine l(p).
0
Let y(b) = -4*b - 3*b + 5*b - 1 + 3*b. Let c(a) = -a. Let m(s) = -2*c(s) - 3*y(s). Suppose 2*l + 5*p + 17 = 0, -2*l = -3*l + p - 5. What is m(l)?
9
Let f(g) = -g. Let w(j) = j**2 - 5*j - 18. Let i be w(7). Let m = 11 + i. Determine f(m).
-7
Let v(l) be the third derivative of -l**4/12 + l**3/3 + 126*l**2. Calculate v(-7).
16
Suppose -x + 4 = 4*a + 3*x, 3*x = -3. Let n(f) = -f**3 - 25*f**2 + 52*f - 40. Let u be n(-27). Let z(b) = 2*b + 16 - u - 1. What is z(a)?
5
Let h(f) = -f - 6. Let r(t) = -75 + 42 + t + 40. Suppose 3*q = 4*q - 6. Let w(b) = q*h(b) + 4*r(b). Give w(-6).
4
Suppose 5*w + 9 = 69. Suppose 4*m = 2*c - 38, c - w = -4*m - 41. Let u(g) = 1 + 7 - g**3 + 9*g - 7*g**2 + 14 - 10. Give u(m).
4
Let m(b) = -2*b**2 + 4*b - 6. Let g(p) = -p**2 + 4*p - 8. Let v(r) = 2*g(r) - 3*m(r). What is v(2)?
10
Let s(m) = -717 - 2*m + 708 + 3*m. Determine s(-4).
-13
Let v(j) = -j - 5. Suppose s + 2 = 5*h - 2*s, -6 = -5*h + 4*s. Give v(h).
-3
Let s = 409 + -403. Let n(v) = -v + 15. Give n(s).
9
Suppose -l + 24 = -20. Suppose g - 5*g + l = 0. Let p(h) = -h + 7. Calculate p(g).
-4
Let h = 0 - 5. Let a(w) = -2*w**3 - 4*w**2 + 7*w - 3. Let k(u) = u**3 + 2*u**2 - 4*u + 2. Let x(q) = h*k(q) - 3*a(q). Calculate x(-3).
-7
Let x(y) = -y**2 - 2*y + 14. Let t be 6/(-2)*5/3. Give x(t).
-1
Let l(b) = b**3 + 3*b**2 - 2*b + 5. Let w be -4 + (-49)/(-7) + -1*6. Give l(w).
11
Suppose -7 = -5*j + 3. Suppose 5*u - 3*u + 18 = 5*z, 2*u - 10 = -j*z. Let x(r) = 14*r**3 + r - 1. Determine x(u).
14
Let n(c) = c**2 + 17*c + 22. Let d(t) = t**3 + 12*t**2 + 10*t - 26. Let g be d(-11). Determine n(g).
-8
Let i(b) = -2*b - 3. Let h = 34 - 39. Give i(h).
7
Let i(g) = g**3 + g**2 + g - 4. Let j(w) = 68*w**3. Let q be j(1). Let t(o) = -5 + 0 - q*o - 1 + 66*o. Let y be t(-3). Determine i(y).
-4
Let o = 862 + -860. Let k(b) = 17*b - 2. Calculate k(o).
32
Let t(v) = 2*v - 12. Let l(x) = -1. Suppose 3*b - 4 = q, q = -5*b + 2*b + 2. Let k(p) = b*t(p) - 6*l(p). Let f be k(5). Let j(z) = -z**2 + 3*z. Calculate j(f).
-4
Let z(t) be the first derivative of t**3/3 + 3*t**2/2 - 5*t - 3. Let g = 153 + -157. Give z(g).
-1
Let q(n) = -n + 8. Let h be (-66)/10 - (20/25)/2. Let c(t) = -t**3 - 6*t**2 + 4*t - 15. Let o be c(h). What is q(o)?
2
Let m be 4/(-1) - (7 + -11). Let o = 0 + m. Suppose o = -4*g + 5*r + 31, -3*g = -4*g + 4*r + 16. Let a(y) = y**3 - 5*y**2 + 5*y. Determine a(g).
4
Let u(d) = 2*d**2 + 8*d + 2. Let r(a) = 6*a**2 + 23*a + 6. Let b(s) = -3*r(s) + 8*u(s). Let x(v) = -15*v - 154. Let z be x(-10). Give b(z).
-14
Let y = -109 + 105. Let s(n) = -n**2 - n - 1. Let w(u) = -6*u**2 + 2*u + 3. Let r(d) = y*s(d) - w(d). Suppose 2 + 1 = -3*h. Calculate r(h).
9
Let q(w) = 3*w**2 - 1. Let g be (-3)/(-2 - (-10)/8). Suppose -2*l + g = 12. Let v be -1 - -4*l/(-8). Give q(v).
2
Let p be (26/8 + 2)/(9/24). Let n(w) = -p*w + 4 - w + 12*w. Give n(6).
-14
Let r(k) = 0*k - 5 + k + 6 - 4*k**3 + 5*k**3 + k**2. Let n(i) = -5*i**3 - 8*i - 12. Let a(y) = -n(y) - 6*r(y). Let b = -7 - -1. What is a(b)?
-6
Let n(o) = o**2 - 23*o + 24. Let j = 14 + 8. Let l be n(j). Let f(c) = 2*c. Calculate f(l).
4
Let n(y) = -2*y**2 - 7*y - 6. Let i(c) = c**3 + 11*c**2 + 26*c + 12. Let r be i(-8). Calculate n(r).
-10
Let t be 9/4 + 2/(-8). Let v(w) = -5*w**3 - 2*w**2 + w - 1. Let l(s) = 12*s**3 + 10*s**2 - 6*s + 5. Let u(j) = -l(j) - 3*v(j). What is u(t)?
12
Let h(i) = i**2 + 13*i - 5. Let y(r) = -r**2 - 12*r + 4. Let a(w) = 5*h(w) + 6*y(w). Let k be (-60)/(-4) - (-1)/((-1)/(-2)). Let l = k + -22. Determine a(l).
9
Let c(d) = d + 18. Let o(s) = 2*s + 21. Let w(j) = -3*c(j) + 2*o(j). What is w(6)?
-6
Let u(k) = -k**3 - 7*k**2 - 5